In base 5, what is 14323 + 130?
20003
In base 6, what is -12 + -3200500?
-3200512
In base 9, what is 17 - -114?
132
In base 8, what is 44617 - 16?
44601
In base 13, what is 1a162 + -1?
1a161
In base 9, what is -1 - 4532?
-4533
In base 12, what is 2 + -1071?
-106b
In base 10, what is -3 - 1147?
-1150
In base 9, what is 12 + 13382?
13404
In base 15, what is -6c + -1719?
-1786
In base 10, what is -2 + -33189?
-33191
In base 14, what is 1a4 + -208?
-44
In base 4, what is -12301 + -23321?
-102222
In base 13, what is -5 - b64c?
-b654
In base 8, what is 7 + -132345?
-132336
In base 5, what is -43 - 341223?
-341321
In base 10, what is -3 + -20057?
-20060
In base 12, what is -25700 + 1b?
-256a1
In base 4, what is 20313 - -222?
21201
In base 15, what is 425 + -1?
424
In base 6, what is -14010 + 305?
-13301
In base 12, what is -2 - -195?
193
In base 10, what is -7931 - -6?
-7925
In base 13, what is -891 + 38?
-856
In base 16, what is 2e692 + 9?
2e69b
In base 15, what is -8 + 77e?
776
In base 14, what is -1d - -2c3c7?
2c3a8
In base 6, what is 5043032 - 4?
5043024
In base 3, what is 2110202 - -211112?
10022021
In base 4, what is 32012 - -22?
32100
In base 5, what is -1230 + -22034?
-23314
In base 7, what is -4301321 - -2?
-4301316
In base 2, what is 101001110010110010 + -101?
101001110010101101
In base 14, what is a9 + 30?
d9
In base 7, what is -3532442 + -2?
-3532444
In base 13, what is -1c204 + -33?
-1c237
In base 2, what is -100100110110111110 - 101?
-100100110111000011
In base 7, what is -40310 - 42?
-40352
In base 6, what is -230442 - 23?
-230505
In base 2, what is 100010 - 101001110111100?
-101001110011010
In base 12, what is -269 + -170?
-419
In base 8, what is -144262 - -1?
-144261
In base 5, what is -3 - -30220003?
30220000
In base 16, what is 8e + 4dec?
4e7a
In base 14, what is 25a8 - -c?
25b6
In base 15, what is -103b4 - 4?
-103b8
In base 9, what is -162 - 3064?
-3236
In base 11, what is -5360 - -3?
-5358
In base 12, what is 32b06 - 1?
32b05
In base 4, what is -211010332 + 10?
-211010322
In base 8, what is 47 + -57?
-10
In base 9, what is 10 - -26500?
26510
In base 7, what is 3 + -35462?
-35456
In base 9, what is 1 - 3136?
-3135
In base 3, what is -2 + 222222002?
222222000
In base 14, what is -1b81c + -15?
-1b833
In base 9, what is 2302238 - 2?
2302236
In base 7, what is 644 - -205?
1152
In base 10, what is 2 - 4885?
-4883
In base 2, what is -11 - 1101001101101?
-1101001110000
In base 8, what is -21033 - -14?
-21017
In base 15, what is -4364 - -5?
-435e
In base 16, what is -f - 547?
-556
In base 3, what is -112 - 12201120?
-12202002
In base 13, what is -c61 + -34?
-c95
In base 6, what is 4352 + 34?
4430
In base 10, what is 389 + -3313?
-2924
In base 9, what is -4 - -41864?
41860
In base 8, what is -352206 - -5?
-352201
In base 7, what is -2016061 - 0?
-2016061
In base 11, what is 6 - -1539?
1544
In base 11, what is -7592 + -15?
-75a7
In base 7, what is -1023423 + 12?
-1023411
In base 6, what is -11013 - -333?
-10240
In base 9, what is -20246 + 152?
-20084
In base 12, what is -1 - -28150b?
28150a
In base 9, what is -2835 + 20?
-2815
In base 14, what is 2ab11c + 4?
2ab122
In base 10, what is 316465 - -5?
316470
In base 12, what is -5 - 204441?
-204446
In base 4, what is -330033120 + 23?
-330033031
In base 5, what is 2 - -420040?
420042
In base 7, what is 446 - 134505?
-134026
In base 15, what is 3 + -7c6a?
-7c67
In base 7, what is 142 - -1030?
1202
In base 8, what is 24304 + -677?
23405
In base 13, what is -74b - -24?
-727
In base 6, what is 1011024 - -33?
1011101
In base 7, what is -2 + -562552?
-562554
In base 5, what is -440120 + -143?
-440313
In base 4, what is 1230302 - -30?
1230332
In base 2, what is 1011010110 + -1100010011?
-111101
In base 15, what is 1b5689 + 2?
1b568b
In base 9, what is 556 + -1774?
-1217
In base 2, what is 110 - -11101111010101?
11101111011011
In base 9, what is -387 - -4346?
3848
In base 5, what is -2411 + -13331?
-21242
In base 14, what is -8a - -1a3?
117
In base 11, what is 10652 - -4?
10656
In base 3, what is 2 - -1001221021?
1001221100
In base 5, what is -1 - 204414442?
-204414443
In base 6, what is -3 + 144520?
144513
In base 6, what is -3 - 1443150?
-1443153
In base 12, what is -174 + 41a?
266
In base 8, what is 267 - 164?
103
In base 4, what is 11110221 + 0?
11110221
In base 10, what is 368 + -1?
367
In base 16, what is -563 + b2?
-4b1
In base 10, what is 2883 + -11?
2872
In base 16, what is c7 + 372f?
37f6
In base 4, what is -3 + -201311232?
-201311301
In base 13, what is 46b9 - -5?
46c1
In base 16, what is -bf4 + 2?
-bf2
In base 4, what is 3030101 - 201?
3023300
In base 13, what is 12c6 - -2?
12c8
In base 5, what is 4 + 11131041?
11131100
In base 4, what is -3310 + -10333331?
-11003301
In base 4, what is 23111 - 1010?
22101
In base 4, what is 23010310 - 3?
23010301
In base 4, what is -101222 + 0?
-101222
In base 12, what is b1b966 + -4?
b1b962
In base 10, what is -188 - 122?
-310
In base 2, what is 1010100111111110 + -10111?
1010100111100111
In base 2, what is -100001000 - -100?
-100000100
In base 10, what is 13820 - -4?
13824
In base 8, what is 1767 + -12?
1755
In base 14, what is -517 - -8?
-50d
In base 14, what is 2657 - 2?
2655
In base 10, what is -9 - 3248?
-3257
In base 2, what is 1000 + 111101000000100101?
111101000000101101
In base 3, what is -21102002 + -1022?
-21110101
In base 3, what is 1202102102 + 211?
1202110020
In base 5, what is -2114 + 4434?
2320
In base 5, what is -4131 + -1144?
-10330
In base 15, what is -1e99 - -1?
-1e98
In base 14, what is 3109 + 34?
313d
In base 11, what is 456 + 97?
542
In base 12, what is 509 - -a?
517
In base 4, what is -1223100 + -103?
-1223203
In base 10, what is -1 + 12214?
12213
In base 14, what is -94c + 8c?
-8a0
In base 4, what is 3230122 - -10?
3230132
In base 2, what is -1001000111000111 - -1?
-1001000111000110
In base 3, what is 200 + -10202200?
-10202000
In base 13, what is 211 - 4b?
193
In base 10, what is 5 - -28005?
28010
In base 10, what is 2400 - 256?
2144
In base 12, what is -1264 - -86?
-119a
In base 5, what is 14 + -1101112?
-1101043
In base 4, what is -10111 + -3010?
-13121
In base 13, what is 14 + b72?
b86
In base 6, what is -13252 - 12411?
-30103
In base 5, what is -4234 - 402?
-10141
In base 3, what is -102102111 + 111?
-102102000
In base 15, what is -315c7 - 5?
-315cc
In base 5, what is -1 + -2403041?
-2403042
In base 4, what is 33101303 - -3?
33101312
In base 3, what is -1000101201 - -20110?
-1000011021
In base 7, what is 1423 + 1?
1424
In base 9, what is 513 - 4?
508
In base 8, what is 170 + 3565?
3755
In base 13, what is 161 + 1cc?
360
In base 14, what is -10 + -313?
-323
In base 8, what is -103314 - 5?
-103321
In base 4, what is -2333 + -21?
-3020
In base 14, what is -625 - 28?
-64d
In base 8, what is -271 - -12727?
12436
In base 7, what is -415 + 5303?
4555
In base 10, what is 26 + 45161?
45187
In base 3, what is -12021120120 - 2?
-12021120122
In base 9, what is 22706 - 1?
22705
In base 7, what is -125416 + 2?
-125414
In base 16, what is 1704 - -93?
1797
In base 15, what is -5 + -5da4?
-5da9
In base 3, what is -21200211 + -2?
-21200220
In base 4, what is -22110023111 - 3?
-22110023120
In base 8, what is 77 + -203?
-104
In base 15, what is -3 - 1a475?
-1a478
In base 5, what is -2034 - 3?
-2042
In base 14, what is -310 - -1da2?
1a92
In base 16, what is 1515f - 2?
1515d
In base 2, what is -1100111111111011 - -1?
-1100111111111010
In base 10, what is 5 + 135847?
135852
In base 7, what is 10 + -46054?
-46044
In base 7, what is -165051 - 0?
-165051
In base 5, what is 240122120 + 0?
240122120
In base 8, what is -130 - -377?
247
In base 8, what is 44261 - 72?
44167
In base 8, what is -2437 + -54?
-2513
In base 3, what is -202210 - 211111?
-1121021
In base 3, what is -121 - 1112112021?
-1112112212
In base 14, what is 13b2cb - -4?
13b2d1
In base 4, what is 10132202 - 20?
10132122
In base 11, what is -10659 + 3?
-10656
In base 13, what is 2 - -11820?
11822
In base 16, what is e580c + -4?
e5808
In base 7, what is -1430 - -30562?
26132
In base 6, what is -51244 + 4?
-51240
In base 12, what is -2 - 3734?
-3736
In base 7, what is 23645 + 1051?
25026
In base 3, what is 12 - 2112111?
-2112022
In base 14, what is -1467bb - 5?
-1467c2
In base 9, what is -